 by 68.
40
What is the remainder when 3408757 is divided by 1287?
781
What is the remainder when 367851 is divided by 11485?
331
Calculate the remainder when 71788 is divided by 1519.
395
What is the remainder when 27218561 is divided by 6804639?
5
Calculate the remainder when 4629627 is divided by 56.
51
What is the remainder when 517885 is divided by 3828?
1105
What is the remainder when 844216 is divided by 281324?
244
Calculate the remainder when 2919131 is divided by 2037.
110
Calculate the remainder when 3648536 is divided by 32575.
136
Calculate the remainder when 1027699 is divided by 5065.
4569
Calculate the remainder when 22619405 is divided by 11.
6
Calculate the remainder when 4892936 is divided by 1170.
1166
Calculate the remainder when 30398292 is divided by 1065.
1062
What is the remainder when 232196 is divided by 1569?
1553
What is the remainder when 17291 is divided by 298?
7
Calculate the remainder when 9606 is divided by 1049.
165
Calculate the remainder when 1903636 is divided by 14313.
7
Calculate the remainder when 8048066 is divided by 20796.
14
Calculate the remainder when 127603998 is divided by 3496.
3494
What is the remainder when 2954301 is divided by 355?
346
Calculate the remainder when 76255900 is divided by 11.
6
What is the remainder when 454297463 is divided by 555?
548
What is the remainder when 2909190 is divided by 512?
6
Calculate the remainder when 283178 is divided by 18.
2
What is the remainder when 43705769 is divided by 2302?
2299
What is the remainder when 76892855 is divided by 3598?
3595
What is the remainder when 23033067 is divided by 3275?
3267
Calculate the remainder when 12242976 is divided by 3441.
3339
Calculate the remainder when 32298 is divided by 2308.
2294
What is the remainder when 15281 is divided by 461?
68
Calculate the remainder when 52446 is divided by 12788.
1294
What is the remainder when 102327 is divided by 6018?
21
Calculate the remainder when 2089027 is divided by 21536.
35
What is the remainder when 3001098 is divided by 55?
23
What is the remainder when 1788399 is divided by 462?
459
What is the remainder when 129787 is divided by 64862?
63
What is the remainder when 207369 is divided by 12859?
1625
What is the remainder when 694306 is divided by 9382?
38
Calculate the remainder when 12960120 is divided by 173.
171
Calculate the remainder when 3716750 is divided by 172.
2
What is the remainder when 29450323 is divided by 7488?
19
What is the remainder when 94748 is divided by 2484?
356
Calculate the remainder when 84813707 is divided by 6402.
11
Calculate the remainder when 1448389 is divided by 24539.
588
Calculate the remainder when 1590372 is divided by 198614.
1460
What is the remainder when 1852398 is divided by 637?
2
What is the remainder when 41170862 is divided by 66?
62
Calculate the remainder when 146337 is divided by 2439.
2436
Calculate the remainder when 857208 is divided by 71232.
2424
What is the remainder when 1556510 is divided by 518802?
104
What is the remainder when 912425 is divided by 191?
18
Calculate the remainder when 1736470 is divided by 1236.
1126
What is the remainder when 4850826 is divided by 168?
162
What is the remainder when 28484942 is divided by 378?
374
Calculate the remainder when 21121023 is divided by 64.
63
Calculate the remainder when 435717 is divided by 14523.
27
Calculate the remainder when 10075720 is divided by 6321.
46
What is the remainder when 3018050 is divided by 1789?
7
What is the remainder when 152371 is divided by 10158?
1
Calculate the remainder when 1109546 is divided by 1428.
1418
Calculate the remainder when 604646 is divided by 201538.
32
Calculate the remainder when 533661 is divided by 31.
27
Calculate the remainder when 8338426 is divided by 120.
106
What is the remainder when 199362 is divided by 10424?
1306
What is the remainder when 192790 is divided by 5621?
1676
Calculate the remainder when 47107949 is divided by 2102.
27
What is the remainder when 9423 is divided by 3105?
108
Calculate the remainder when 47612492 is divided by 5.
2
Calculate the remainder when 494970 is divided by 38041.
437
Calculate the remainder when 17070260 is divided by 81.
77
Calculate the remainder when 87477 is divided by 17093.
2012
What is the remainder when 9637642 is divided by 30?
22
What is the remainder when 886246783 is divided by 128?
127
Calculate the remainder when 3483643 is divided by 2357.
2354
What is the remainder when 7020009 is divided by 112?
73
What is the remainder when 5591939 is divided by 438?
431
What is the remainder when 24051900 is divided by 3702?
6
Calculate the remainder when 20147 is divided by 364.
127
What is the remainder when 25446533 is divided by 6361630?
13
Calculate the remainder when 393435 is divided by 351.
315
Calculate the remainder when 1042008 is divided by 96.
24
What is the remainder when 237246034 is divided by 5146?
5142
Calculate the remainder when 308640 is divided by 153.
39
What is the remainder when 12363905 is divided by 679?
673
Calculate the remainder when 1569960 is divided by 155.
120
What is the remainder when 8036506 is divided by 9?
1
What is the remainder when 50985167 is divided by 158339?
9
What is the remainder when 235260725 is divided by 37?
36
Calculate the remainder when 119522448 is divided by 11981.
11973
What is the remainder when 8375 is divided by 4076?
223
Calculate the remainder when 32464831 is divided by 2748.
2707
What is the remainder when 61548149 is divided by 676353?
26
Calculate the remainder when 10248912 is divided by 345.
342
What is the remainder when 460718 is divided by 914?
62
What is the remainder when 509605 is divided by 2600?
5
Calculate the remainder when 68426 is divided by 170.
86
Calculate the remainder when 47241723 is divided by 272.
219
Calculate the remainder when 7652285 is divided by 5537.
151
What is the remainder when 546639 is divided by 182209?
12
What is the remainder when 2104729 is divided by 54?
25
Calculate the remainder when 739598 is divided by 2411.
1832
What is the remainder when 458301 is divided by 187?
151
What is the remainder when 1647205 is divided by 1647160?
45
Calculate the remainder when 758117137 is divided by 7612.
7609
What is the remainder when 593022 is divided by 219?
189
Calculate the remainder when 3078 is divided by 1631.
1447
What is the remainder when 104273 is divided by 509?
437
Calculate the remainder when 15143544 is divided by 7571770.
4
What is the remainder when 849944 is divided by 1919?
1746
Calculate the remainder when 661709 is divided by 330850.
9
What is the remainder when 170541 is divided by 4463?
947
What is the remainder when 38298 is divided by 2267?
2026
Calculate the remainder when 224206 is divided by 10191.
4
What is the remainder when 19133926 is divided by 347?
346
What is the remainder when 7904822 is divided by 11165?
2
Calculate the remainder when 30679064 is divided by 162.
152
Calculate the remainder when 174922 is divided by 1052.
290
Calculate the remainder when 31011 is divided by 15127.
757
Calculate the remainder when 14090184 is divided by 51237.
9
What is the remainder when 69275994 is divided by 23?
17
What is the remainder when 2365791 is divided by 33?
21
Calculate the remainder when 46532439 is divided by 45.
9
What is the remainder when 3717286 is divided by 132760?
6
What is the remainder when 57242616 is divided by 2185?
2171
Calculate the remainder when 68592 is divided by 67718.
874
What is the remainder when 537377 is divided by 1874?
1413
Calculate the remainder when 2637298 is divided by 439548.
10
Calculate the remainder when 48571 is divided by 6.
1
Calculate the remainder when 15057792 is divided by 40587.
15
What is the remainder when 330832 is divided by 110256?
64
What is the remainder when 7992710 is divided by 1087?
1086
What is the remainder when 1181280 is divided by 1408?
1376
Calculate the remainder when 4294304 is divided by 11830.
14
What is the remainder when 24727110 is divided by 95?
35
Calculate the remainder when 143435 is divided by 71194.
1047
Calculate the remainder when 873421 is divided by 109151.
213
Calculate the remainder when 509147 is divided by 92.
19
Calculate the remainder when 740628 is divided by 92552